pose -b*t = -3731 - 8539. Is t a composite number?
True
Let v(n) = 10*n + n**2 + 5 + 16 - 2*n. Let p be v(10). Suppose a = -2, -3*c = -2*c + a - p. Is c a prime number?
False
Let a = 2933 - -16040. Is a a prime number?
True
Let g(n) = 202*n**2 - 10*n + 47. Is g(3) prime?
False
Let q(y) = 8*y**2 - 151*y + 43. Is q(40) prime?
True
Suppose -1786 = -10*f + 5664. Is f composite?
True
Let l = -801 + 5654. Is l composite?
True
Suppose -10 = f - 7. Let a(q) = 43*q**2 + 3*q + 5. Let n(v) = 129*v**2 + 8*v + 14. Let c(d) = 7*a(d) - 2*n(d). Is c(f) composite?
False
Let d = -55 - -60. Suppose d*p - 3*m = -5*m + 8969, 4*m = -12. Is p a composite number?
True
Let i(d) = -210*d + 131. Is i(-13) prime?
True
Let x = 4616 + -2265. Is x a prime number?
True
Let q = 29 - 20. Let a = -120 - -123. Is (127/a)/(3/q) prime?
True
Suppose 3*g = 8*g - 30715. Is g composite?
False
Let m(p) = p**2 - 1. Let h(g) = -g**2 - 12*g + 7. Let n(k) = -h(k) + m(k). Let i be n(11). Let o = i - 181. Is o a prime number?
False
Let h = 33 + -49. Let c = h + 24. Let k = c + 59. Is k a prime number?
True
Let o(q) = q**3 - 31*q**2 - 110*q + 139. Is o(43) prime?
True
Suppose 3894 = 16*z - 10*z. Is z composite?
True
Let y be 38/9 - (-8)/(-36). Suppose c - 2 = -2*a + a, 3*a + 8 = y*c. Suppose 2*q + a*q = 138. Is q a composite number?
True
Is ((-63239)/66)/(1/(-6)) prime?
True
Suppose 2184 = 3*k - 4*h, 0 = -3*k + 5*h - 697 + 2878. Let j = k - 379. Is j a composite number?
False
Suppose 410 = 3*d - 15556. Is d/(-15)*10/(-4) prime?
True
Suppose 5*n = -g + 1448, 2*g + 0*g - 2905 = -n. Suppose -5*b + g = 388. Is 2*(-2)/(-12)*b a composite number?
False
Let n = -1618 + 3928. Is (-1)/((-954)/n + (-4)/(-10)) composite?
True
Let a = 13814 + -8797. Is a prime?
False
Suppose -4*x = -3*u - 14527, -5638 = -2*x + 2*u + 1626. Is x prime?
True
Suppose -2*m - 4*l + 13 = -11, 4*m + 2*l - 18 = 0. Let b(i) = -6*i**m - 3 + 4 + 0*i**3 + 0 + 3*i + 2*i**3. Is b(6) prime?
False
Is 149/(-6*(-4)/24) prime?
True
Let q be -6*(-4 - -4 - (1 - 2)). Let z = 377 + -238. Let r = z - q. Is r a composite number?
True
Suppose 0 = -32*o + 190505 - 77065. Is o a prime number?
False
Let g = -3350 - -10574. Suppose t + w - 734 - 1072 = 0, -4*t + w = -g. Let m = t + -689. Is m a composite number?
False
Let v(d) = 4*d**2 + 8*d - 6. Let s be (0 - 2 - -3)*11. Let w be v(s). Suppose 4*u = -5*r + u + w, 2*u + 236 = 2*r. Is r a prime number?
False
Suppose -5*o - 6131 = -b, -6*o = -o + 10. Suppose -2*r = p - 7*r - 2072, -b = -3*p - 4*r. Is p a composite number?
True
Suppose -5*j + 14 = -6. Let h(d) = 117*d - 1. Is h(j) a prime number?
True
Let x(p) = -4*p - 10. Let k be x(-5). Let s be 36/k - 18/30. Suppose -284 = -h + 3*b + 2*b, h - s*b = 278. Is h a composite number?
False
Let q(c) be the first derivative of 34*c**3/3 + 5*c - 7. Let v be q(-4). Suppose v = 3*j - 570. Is j a composite number?
False
Let n be 5*-3 - (1 - 3). Let h be (3 + 7/(-3))*-159. Let p = n - h. Is p prime?
False
Let m be 4074/2 - (-9 + 5). Suppose 0 = 4*p - m - 451. Is p a composite number?
True
Let p = 12344 - 4725. Is p composite?
True
Is (-9)/(-12) - (-147914)/104 a composite number?
False
Suppose 5*h - 3*c - 29 = 0, 20 = 3*h + 2*c - 5. Suppose 4256 = -h*u + 17185. Is u a composite number?
False
Is ((-18296)/(-16))/(15/6 - 2) prime?
True
Suppose 37*g = 46*g - 79011. Is g a prime number?
True
Let u be 10/(-2)*(5 + -6). Let g(h) = h**2 - 4*h - 1. Let s be g(u). Is ((-109)/s)/((-1)/4) a composite number?
False
Let y(j) = j**3 + 8*j**2 + 7*j. Let b be y(-7). Suppose b = 6*p - 1384 - 2054. Is p a prime number?
False
Is ((-5403)/6)/((-16)/32) prime?
True
Let u be -1*(-6 + 3 - -3). Suppose u*a + 2*a = 4030. Let b = -1020 + a. Is b a composite number?
True
Let f be (6/(-5))/((-24)/(-160)). Let z(o) = -o**3 - 9*o**2 - 8*o + 2. Let c be z(f). Suppose -3*l + 199 = 2*d - 247, -c*l - 892 = -4*d. Is d prime?
True
Let d(w) = -3*w**3 + 9*w**2 - 8*w - 5. Let x(m) = -38*m + 8*m**2 - 5 + 3*m**3 + 0 + 31*m - 5*m**3. Let s(c) = 5*d(c) - 6*x(c). Is s(-5) a composite number?
True
Suppose 4*r + 4 = 2*r, -4*a + 4*r + 244 = 0. Suppose -57*t - 3386 = -a*t. Is t a prime number?
True
Let q(h) = -h**3 - 6*h**2 - 3*h - 15. Let j be q(-6). Suppose d - 576 = -j*d. Suppose 20 + d = 2*z. Is z prime?
False
Let j(k) = k**3 + 9*k**2 - k - 6. Let f be j(-9). Suppose 5*v + 6 = -f*s + 62, -5*v + 48 = -s. Is v a composite number?
True
Let q(l) be the third derivative of -l**6/120 + l**5/12 - l**4/8 + l**3/6 - 2*l**2. Let g be q(3). Let t(u) = 3*u - 15. Is t(g) a prime number?
False
Suppose 0 = -6*w + 2*w - 5*i + 5, w = -4*i - 7. Suppose s - w*s = -1492. Is s a prime number?
True
Let l(n) = 2*n + 9. Let g be l(6). Let f be (g/21)/(1/3). Suppose f*o = -58 + 397. Is o a composite number?
False
Suppose 11*q = 19*q + 17080. Suppose 22 = -0*v + v. Is 4/v - q/55 composite?
True
Let u(n) = 879*n - 94. Is u(9) a prime number?
True
Is (-2*(-2)/(-1))/((-104)/290082) composite?
True
Let w be 2*-1*439/(-2). Let c = -1974 - -1674. Let g = w + c. Is g a prime number?
True
Let r = -136477 + 289362. Is r prime?
False
Let x be 4 + (-5 - 0) + 4. Suppose 511 = 5*n + x*l + 25, -3*n = -3*l - 282. Let h = 307 - n. Is h prime?
True
Let f(s) = -11*s + 6. Let g(o) = o. Let w(r) = 23*r - 9. Let x(a) = -6*g(a) + w(a). Let t(n) = -7*f(n) - 5*x(n). Is t(-8) a prime number?
True
Suppose -3934 - 3091 = -5*n. Let q = 186 + 1928. Let i = q - n. Is i a composite number?
False
Suppose -42*j + 14*j + 10668 = 0. Is j prime?
False
Let x(a) = -2*a**3 - 9*a**2 + 14*a - 7. Suppose -3*l + 4 = 34. Is x(l) a composite number?
False
Let v be (-1)/(5/(-260)) + 4. Suppose 0 = -3*c - 14 + v. Is c prime?
False
Suppose 3*y - 6 = y. Suppose -3*g = -2*g - y. Suppose -g*b = -4*o + 508, -5*o - 362 = 2*b - 997. Is o prime?
True
Let n = 3 + 0. Let g be 7/((n - -2)/(-125)). Let u = -93 - g. Is u a prime number?
False
Suppose 0 = -13*s + 10*s - 189. Let m = s + 242. Is m prime?
True
Suppose 0 = -4*v - 20, -c + 11*v - 12*v + 9224 = 0. Is c a composite number?
True
Let q(i) = -i**2 - 14*i - 7. Let m be q(-13). Suppose 0 = m*g - 75 - 1959. Is g a composite number?
True
Let q(y) = y**3 - 6*y**2 - 6*y + 2. Let l be q(7). Let b = l + -7. Suppose -u = b*u + 6, 0 = 2*a + 3*u - 80. Is a a composite number?
False
Let l = -24 + 33. Is (863/2)/(l/18) composite?
False
Let j = -2876 - -1495. Let b = j - -3090. Is b composite?
False
Let q be 180/(-27)*12/(-5). Suppose 3 = m - q. Is m a prime number?
True
Let m(i) be the second derivative of 7*i**4/6 - i**3/6 - i**2 - 6*i. Let z be m(-1). Suppose -5*u - z = -948. Is u a prime number?
False
Let g(s) be the second derivative of s**6/40 - s**5/15 + 5*s**4/24 + 7*s**3/6 - 3*s**2 + 4*s. Let d(f) be the first derivative of g(f). Is d(6) prime?
True
Suppose -4*k = -7*k - 3*i + 27216, 5 = -5*i. Is k a composite number?
True
Let r(f) = 240*f**2 - 12*f + 37. Is r(10) a prime number?
True
Let z be 902/(-4)*(-2)/1. Suppose 5*t - 5*k - z = t, t = -3*k + 134. Is t a prime number?
False
Let h = -1 - -138. Let x = h - -256. Is x a composite number?
True
Let l(u) = 586*u - 1. Let q be l(1). Let n = q - 142. Is n composite?
False
Suppose 0 = -12*x + 4*x + 32. Is 1434/8 + (-1)/x composite?
False
Suppose 0 = -4*p - 3*f + 140548, 6*p - 3*f = 4*p + 70274. Is p a composite number?
True
Let d(t) = -7*t - 46. Let l be d(-7). Is 2072/32 - l/(-12) prime?
False
Suppose 0 = 2*w + b - 13, 5*w - w - 17 = -5*b. Suppose -w*d - 2442 + 14930 = 0. Is d a composite number?
True
Let f(o) be the first derivative of 1/3*o**3 + 3/2*o**4 + 3 - o + 1/2*o**2. Is f(2) composite?
False
Let i(s) = s**2 + 3*s + 4. Let q be i(-5). Is 40/q*(-70)/(-20) composite?
True
Suppose -2*m - 4*i + 8650 = 0, 3*i - 2*i - 8653 = -2*m. Is m a prime number?
True
Is ((-2)/(-4 + 0))/(4/9992) prime?
True
Let n be (-6 + 5)/(33/12 - 3). Is (n/(-16)*831)/(3/(-20)) a composite number?
True
Suppose -3*w = -9*c + 4*c + 10677, -4*w = 3*c - 6383. Let m = -1439 + c. Is m prime?
False
Suppose -4*r = -318 - 462. Let y be 6/(-9) + 590/(-15). Let u = y + r. Is u a composite number?
True
Suppose -5*g + 9 + 6 = 0, -5*h + 5*g = -7520. Let w = 2424 - h. Is w composite?
True
Suppose -10*i = -47043 - 247. Let c = i - 2120. Is c composite?
False
Let y(l) be the third derivative of l**6/60 - 7*l**5/60 - 13*l**3/6 -